= b**3 + b - 6. Let f be d(0). Let p(x) = f*r(x) - w(x). What is p(g)?
-7
Let d = -5 - -8. Let c = d + -3. Let r(m) be the second derivative of m**4/12 + 8*m. Give r(c).
0
Let g(v) = v - 4 + 7*v - 5*v**2 - 2*v - v**3 + 2. Determine g(-6).
-2
Let d(i) = -2 - 6*i + 4 - 1 + i**2. Let q = -17 + 47. Let n = q + -24. Give d(n).
1
Let k = 8 + -5. Let o(v) = 11*v**3 - 5*v**k + 3 - 2. Determine o(1).
7
Suppose -23 + 19 = h. Let u(a) = 5*a**2 + a**3 + 3*a - 4*a + 1 - a**2. Give u(h).
5
Let l(j) = -5*j**2 + 9*j - 5. Let d(s) = -4*s**2 + 8*s - 4. Let z(r) = -6*d(r) + 5*l(r). Suppose -2*c + i = 5*i + 12, 3*c + 14 = -4*i. Determine z(c).
1
Let b(n) = n - 4. Suppose 5*z + 2*y - 29 = 6*y, 0 = 5*y - 20. Give b(z).
5
Let s(t) be the second derivative of -1/2*t**2 - 1/4*t**5 - 1/6*t**4 + 0 + 2*t + 1/3*t**3. What is s(1)?
-6
Let q(u) be the second derivative of u**5/20 - 2*u**4/3 + 5*u**2/2 + 7*u. Determine q(8).
5
Let l(x) = x - 2. Let a be l(4). Let s(j) = -4*j - 3 + a + j + 2*j. Suppose 3 = -5*v - 12. Determine s(v).
2
Let y(w) = -w**2 + w - 1. Let d = 5 - 5. What is y(d)?
-1
Let s(r) = -4*r**2 + 8*r - 8. Let v(l) = l**2 - 3*l + 3. Let p(m) = 2*s(m) + 7*v(m). Give p(-5).
5
Let v(b) = b**3 - 5*b**2 - 6*b - 2. Let n = -39 - -45. Give v(n).
-2
Let a(p) = 2*p - 4. Let n be a(-3). Let d(b) = b + 7. Let j be d(n). Let h(c) be the second derivative of c**3/6 + 3*c**2/2 + 2*c. What is h(j)?
0
Let k(v) = -v - 11. Let y be k(-9). Let h be y*1 - -1 - -4. Let i(l) = 0*l**3 + l**2 + 0 + h + l**3 + 4*l**2. Calculate i(-5).
3
Let x(w) be the first derivative of w**3/3 - 11*w**2/2 + 12*w + 22. Calculate x(10).
2
Suppose 4*i + 10 = -4*h + 6*i, i + 10 = -h. Let w(q) = q**2 + q. Let b(y) = 4*y**2 + y + 2. Let c(t) = -b(t) + 5*w(t). What is c(h)?
3
Let w(a) be the second derivative of -a**3/6 - 5*a**2 + 5*a. What is w(-12)?
2
Let u(l) be the third derivative of -l**5/60 - l**4/12 + 2*l**3/3 + 3*l**2. Let b(a) be the second derivative of a**3/2 + a. Let o be b(-1). Give u(o).
1
Let a(j) be the third derivative of j**4/24 - 7*j**3/3 + 50*j**2. Give a(8).
-6
Suppose 5*q - 6*q - 2 = 0. Let t(z) = -z. Calculate t(q).
2
Let w(a) = 5*a - a**3 + 2*a**2 + 9 - 3*a - 8*a**2. Let t = 7 + -13. What is w(t)?
-3
Let a(k) be the third derivative of -k**5/20 + k**4/24 + k**3/6 + 5*k**2. Give a(-1).
-3
Let h(j) be the third derivative of 0*j - 1/60*j**5 + 0*j**4 + 1/6*j**3 - j**2 + 0. Let r(u) be the first derivative of h(u). Calculate r(-3).
6
Let x be (1 - 6/9)*9. Let s(h) = -28 + x*h - h**2 + h + 29. What is s(4)?
1
Suppose 0*w - 12 = -4*w. Suppose -7*g = -w*g. Let y(f) = -f - 2. Let r(l) = -1. Let m(p) = 5*r(p) - y(p). What is m(g)?
-3
Let w = -3 - -8. Let n be 6/4*4/3. Let z(l) = -w*l + 2 - 1 - n. Give z(1).
-6
Let y(h) be the third derivative of -h**4/24 + h**3/3 + h**2. Let i(s) = s**2 + 7*s - 4. Let k be i(-8). Suppose -j + 1 = -k. Give y(j).
-3
Let c(l) = 3*l**2 + 2*l - 2. Let u = 24 - 6. Suppose 0 = y + j, -j - 3*j - u = -5*y. Give c(y).
14
Let a(n) = -n**3 - 2*n**2 - 2*n. Let g be a(-2). Suppose -g*h - 15 = h. Let c(l) = -l**3 - 2*l**2 + 4*l + 4. What is c(h)?
1
Let t(a) = 6*a**3 - 4*a**2 - 5*a. Let f(o) = 11*o**3 - 7*o**2 - 9*o. Let i(u) = -2*u + 6. Let g be i(5). Let s(l) = g*f(l) + 7*t(l). What is s(1)?
-1
Let m(y) = -3*y**3 + 2*y**2 - 2 - 4*y**2 - 5*y**2 - 11*y + 6*y**3. Let u(g) = 2*g**3 - 4*g**2 - 6*g - 1. Let p(t) = 6*m(t) - 11*u(t). Determine p(-1).
5
Suppose -z + 31 = 3*l - 3, 0 = -4*l - 4*z + 40. Suppose -2*x + 6*x - l = 0. Let d(m) = m - 3. Let p(k) = 2*k - 7. Let n(a) = x*p(a) - 7*d(a). What is n(-4)?
4
Let m(a) be the second derivative of 7*a**3/6 + a**2/2 - 3*a. Suppose 0 = -t - t - 2. Calculate m(t).
-6
Let p be (-26)/(-7) - (-6)/21. Suppose 0 = -p*i - 4 + 12. Suppose -2*n = -n - i. Let t(h) = -h**2 - 4*h + 3. What is t(n)?
-9
Let o(b) = -2 + 0 + 1 - b. Let u be (-3 + 4)*0/2. Give o(u).
-1
Suppose -3*c = 2*c - 45. Let v(z) = c*z + 7*z - 13*z. Calculate v(2).
6
Suppose -x + 11 + 4 = 0. Let g be 14/6 + 10/x. Suppose 3*f - 4*w - 2 = -3, -3 = -3*f + g*w. Let b(c) = -c**2 + 4*c. Give b(f).
-5
Suppose 4*z = -p - 14, -z = 2 + 3. Let f(i) = -3*i**3 - 7*i**2 + 6*i - 1. Let r(t) = -8*t**3 - 21*t**2 + 18*t - 3. Let d(x) = -11*f(x) + 4*r(x). Determine d(p).
-1
Let k(v) = 3*v + 8 + 8 + v**2 - 27 + 3. Give k(-6).
10
Let t(o) = o + 1. Let f(s) = 7*s + 5. Let i(p) = -f(p) + 6*t(p). Calculate i(5).
-4
Let z be 2/(-9) + 6/27. Suppose z = 2*h + h - 12. Let s(j) = j - 5. Let c(l) = -l + 6. Let a(o) = -3*c(o) - 4*s(o). What is a(h)?
-2
Let v(y) = -y**3 - 5*y**2 - 3*y + 2. Let d(z) = z + 4 - 5*z + 5*z. Let l(k) = 5*k + 21. Let u(a) = 11*d(a) - 2*l(a). Let q be u(-6). What is v(q)?
-2
Let r be (4 + 2)/(9/(-12)). Let v = r - -13. Let y(g) = -v*g + g + g**3 - 3*g**2 + 0*g. What is y(4)?
0
Let m(f) = -3*f + 8. Let j(s) = -s + 3. Let g(i) = -7*j(i) + 2*m(i). Suppose -b + 1 + 2 = 0. What is g(b)?
-2
Let a(n) = 8*n + 1. Suppose 0 = -5*i - 12 + 7. What is a(i)?
-7
Let m = 1/9 + 7/18. Let r(w) be the first derivative of -3 - 4*w + m*w**2. Determine r(6).
2
Suppose -2*f - 433 + 443 = 0. Let c(w) = w**2 - 5*w. Determine c(f).
0
Let z(k) = k**2 - 5*k. Let m be (-12)/9*(-18)/(-4). Let n be 13/2 - 3/m. Suppose -n - 2 = -3*x. Determine z(x).
-6
Suppose 5*i + 44 + 1 = 5*c, 2*i + 6 = -4*c. Let h(o) = o**2 + 7*o - 6. Give h(i).
-6
Suppose r - 3*r - 3*u = 15, 4*r = -2*u - 18. Let s(t) = -4*t**2 - t**3 + t - t + 2. Calculate s(r).
-7
Let j(k) = 0 - 2 + 2*k**2 - 2*k**2 - k**2 + 6*k. Let d be j(6). Let q(w) = 3*w**3 + 2*w**2 - w + 2. Give q(d).
-12
Let w(a) be the third derivative of a**4/6 + a**3/3 + a**2. Calculate w(-3).
-10
Let v be 4*4/(-8)*-2. Let r(x) = 3*x**3 - x**2 + 6 - v*x**3 - 2*x**2 + 7*x. Give r(-4).
-6
Let y(b) = b + 12. Let c be y(-9). Let p(i) be the first derivative of -1/4*i**4 + 0*i**2 - 2*i + 1 - 4/3*i**c. Calculate p(-4).
-2
Let a = 3 + -7. Let q(z) = -z**3 - z**2 - z - 1. Let d(u) = 3*u**3 - u**2 + 11*u + 11. Let p(n) = a*q(n) - d(n). Calculate p(-6).
-1
Let a(i) = 260 - 128 + 4*i - 130. Calculate a(-3).
-10
Let w(p) = -p**3 - 6*p**2 - 5*p + 7. Suppose 5*a + 2*m + 11 = -8, 2*m = -3*a - 9. What is w(a)?
7
Suppose -2*v = v + 18. Let s = 9 + v. Let b(x) = 3*x - 2*x + 2*x**2 - s*x. What is b(2)?
4
Let k be ((-5)/(-10))/((-2)/(-4)). Let b be k - (4 + -2 + -1). Let z(u) = -u + 8. What is z(b)?
8
Let y(a) be the first derivative of -3*a**2 + 4*a - 31. Give y(3).
-14
Let s(b) be the first derivative of b**3/3 - 2*b**2 + b - 8. What is s(3)?
-2
Let x = -10 - -6. Let o(a) = -2*a - 3. Let l(k) = 2*k + 2. Let n(d) = x*o(d) - 6*l(d). Determine n(-1).
4
Let j be 2*(36/8 - 3). Let n(k) be the second derivative of 0 - 5/2*k**2 + 1/6*k**j - k. Determine n(5).
0
Let p(d) = d + 1. Let j = 22 + -32. Let o = -14 - j. What is p(o)?
-3
Let k(j) = 5*j - 1. Let f(x) = -x - 1. Let g(z) = -6*f(z) - k(z). Determine g(-8).
-1
Let y(p) be the third derivative of p**5/60 + p**4/12 + p**3/6 + 20*p**2. Give y(-2).
1
Let y(s) = s**3 - 5*s**2 - 4*s - 7. Suppose -4*a - 4*x = -44, -3*a + 4*x = -6*a + 38. Let j be y(a). Let z(l) = l**3 - 6*l**2 + 6*l. Give z(j).
5
Suppose 3*s + 2*b - 11 = 0, -6*b = -3*b - 3. Suppose 0*a = -3*a + 6. Let y(m) = -1 + 5 + m - m**2 - a. Determine y(s).
-4
Suppose 6 = -7*s - 22. Let z(r) = r**3 + 4*r**2 + 3. What is z(s)?
3
Let i(j) = -3*j**2 + 15*j**2 - 4 - 13*j**2. Calculate i(5).
-29
Let i(v) = -v + 13. Let o be i(10). Let n(t) be the first derivative of -t**2 + 1/3*t**3 - o + 4*t. What is n(3)?
7
Suppose -20 = -4*t - 0. Let m(p) = 2*p - 7. Give m(t).
3
Let b(f) = f**3 - 11*f**2 + f - 8. Let h be b(11). Let r(a) = a - 2. What is r(h)?
1
Let c(h) = -h - 2. Let p(z) = z + 2. Suppose -2*m = 2*m - 12. Let b(x) = m*p(x) + 2*c(x). Give b(-4).
-2
Let s(u) be the second derivative of u**5/20 + 7*u**4/12 - 7*u**3/6 + 4*u**2 + u. What is s(-8)?
0
Suppose -2*p = -u + 33, -5*u + 110 = -p + 2*p. Let k = -20 + u. Let d(s) = -s**3 + 3*s**2 + s - 2. Determine d(k).
1
Let l(o) = -o + 1. Let v = 4 + -3. Let n = v + -2. Let a(h) = -h**2 - 2*h + 1. Let y(s) = n*a(s) - 3*l(s). Calculate y(-5).
-4
Let n = 4 - 20. Let g = n + 13. Let b(r) = -r**3 - 3*r**2 - 4. Calculate b(g).
-4
Let v = 64 + -188/3. Let p(d) be the first derivative of -1/4*d**4 - 4*d + 4 + 1/2*d**2 + v*d**3. Determine p(4).
0
Let s(v) = 6*v**3 + 2*v*